{"id":13811,"date":"2021-09-10T08:03:19","date_gmt":"2021-09-10T08:03:19","guid":{"rendered":"https:\/\/utbildning-vm.smartstylingtraning.se\/?page_id=13811"},"modified":"2024-08-05T15:00:37","modified_gmt":"2024-08-05T15:00:37","slug":"demo-alla-kurser-vm","status":"publish","type":"page","link":"https:\/\/utbildning-vm.smartretail.com\/?page_id=13811","title":{"rendered":"Testa Visual Merchandising"},"content":{"rendered":"<p><strong>V\u00e4lkommen till Smart Retail &#8211; VM utbildning<\/strong>\ud83d\ude00<\/p>\n<hr \/>\n<p>H\u00e4r f\u00e5r du utforska l\u00e4r verktyget som handlar om butiksplanering och visual merchandising<\/p>\n<p>Allt du beh\u00f6ver g\u00f6ra \u00e4r att fylla i din mailadress och du f\u00e5r omedelbart tillg\u00e5ng till tv\u00e5 kursdelar utan kostnad<\/p>\n<p><strong>Testa s\u00e5 m\u00e5nga g\u00e5nger du vill. Modulerna ligger ute under en begr\u00e4nsad tid.<\/strong><\/p>\n<div class=\"\">Nyfiken p\u00e5 att veta mer om v\u00e5rt smarta l\u00e4romedel? Kontakta oss s\u00e5 skickar vi mer information.<\/div>\n<div class=\"\">info@smartretail.com eller sandra.johansson@smartretail.com<\/div>\n<div><\/div>\n<p>&nbsp;<\/p>\n","protected":false},"excerpt":{"rendered":"<p>V\u00e4lkommen till Smart Retail &#8211; VM utbildning\ud83d\ude00 H\u00e4r f\u00e5r du utforska l\u00e4r verktyget som handlar om butiksplanering och visual merchandising Allt du beh\u00f6ver g\u00f6ra \u00e4r att fylla i din mailadress och du f\u00e5r omedelbart tillg\u00e5ng till tv\u00e5 kursdelar utan kostnad Testa s\u00e5 m\u00e5nga g\u00e5nger du vill. Modulerna ligger ute under en begr\u00e4nsad tid. Nyfiken p\u00e5 [&hellip;]<\/p>\n","protected":false},"author":5,"featured_media":0,"parent":0,"menu_order":0,"comment_status":"closed","ping_status":"closed","template":"template-demo-creation.php","meta":{"_acf_changed":false,"footnotes":""},"class_list":["post-13811","page","type-page","status-publish","hentry"],"acf":[],"_links":{"self":[{"href":"https:\/\/utbildning-vm.smartretail.com\/index.php?rest_route=\/wp\/v2\/pages\/13811","targetHints":{"allow":["GET"]}}],"collection":[{"href":"https:\/\/utbildning-vm.smartretail.com\/index.php?rest_route=\/wp\/v2\/pages"}],"about":[{"href":"https:\/\/utbildning-vm.smartretail.com\/index.php?rest_route=\/wp\/v2\/types\/page"}],"author":[{"embeddable":true,"href":"https:\/\/utbildning-vm.smartretail.com\/index.php?rest_route=\/wp\/v2\/users\/5"}],"replies":[{"embeddable":true,"href":"https:\/\/utbildning-vm.smartretail.com\/index.php?rest_route=%2Fwp%2Fv2%2Fcomments&post=13811"}],"version-history":[{"count":14,"href":"https:\/\/utbildning-vm.smartretail.com\/index.php?rest_route=\/wp\/v2\/pages\/13811\/revisions"}],"predecessor-version":[{"id":16378,"href":"https:\/\/utbildning-vm.smartretail.com\/index.php?rest_route=\/wp\/v2\/pages\/13811\/revisions\/16378"}],"wp:attachment":[{"href":"https:\/\/utbildning-vm.smartretail.com\/index.php?rest_route=%2Fwp%2Fv2%2Fmedia&parent=13811"}],"curies":[{"name":"wp","href":"https:\/\/api.w.org\/{rel}","templated":true}]}}